7 - 6)). Let l(n) be the second derivative of n + v*n**2 - 2/3*n**3 + 0. Calculate l(-3).
12
Let p(v) = -4*v. Let q be (-7)/14 + 17/(-2). Let z = q - -21. Let c be (1/2)/(3/z). Give p(c).
-8
Suppose 0 = 3*o - 12, -3*o + 3 + 9 = -2*n. Let u(b) = -2*b + 30. What is u(n)?
30
Let t(v) be the third derivative of 7*v**5/60 - v**4/8 + 2*v**3/3 + 11*v**2. Let l(a) = 15*a**2 - 6*a + 9. Let f(y) = 4*l(y) - 9*t(y). Calculate f(2).
-6
Let n(b) = -b**2 - b - 9. Suppose -8*f + 5*f = 18. Let g = f - -9. Let z be 0/(g - 4/4). Determine n(z).
-9
Let c(t) = 2*t**3 - t - 39. Let y be c(0). Let u = y + 42. Let d(n) be the first derivative of -n**2 + 3*n - 1. Determine d(u).
-3
Suppose 12 = 3*p - 12. Let g(x) = -11 + 9 + x**2 + p - 7*x. What is g(5)?
-4
Let p(v) = -v**3 + 8*v**2 + 9*v - 2. Suppose 2*f = 3*h + 48, -f - 5*h + 49 = -1. Suppose -4*y - 4*l = -24, 2*y - 3*l = l + f. Give p(y).
-2
Suppose -q = -5*p - 2, -3*q - 9 = p - 63. Let x(j) = -10*j**2 + 23*j**2 + 1 - q*j**2. Give x(1).
-3
Let q(d) = d**3 + d**2 - 2*d + 1. Suppose -5*a = -9 - 1. Suppose a*w + 0*w + 33 = -f, 5*w + 5*f + 80 = 0. Let k = w - -15. Determine q(k).
1
Let n(y) = -6*y**3 + y. Suppose 2*r = -2*r + 16, 0 = -x - 2*r + 10. Let v be (51 + -43)/(2 - 0). Suppose -v = x*j - 2. Determine n(j).
5
Let x(m) = -m**2 + 3*m + 2. Let k be ((-2)/(-4))/(1/(-4)). Let i(d) = 7*d. Let f be i(0). Let v be -2*(k - f/1). Give x(v).
-2
Let p be -10*(9/(-6) - -2). Let h(s) = -3*s**2 - 19*s + 9. Let y(w) = 2*w**2 + 13*w - 6. Let t(v) = p*h(v) - 7*y(v). Determine t(-4).
-3
Let n(d) = -1 - 2 + 4 + 11*d**2 + d. Let u(h) = h**3 + h - 20. Let r be u(0). Let y = 19 + r. Calculate n(y).
11
Let t be (36/(-6) - -7)*-2. Let y(x) = 389 - 3*x - 390 - 2*x**2 + 3*x**2 + x**3. What is y(t)?
1
Let p(z) = -z**2 + 2*z. Let r(s) be the second derivative of s**3/3 + 17*s**2/2 - 19*s. Let d be r(-7). Give p(d).
-3
Suppose -2*r - 2*w = -4, 5*r - 2*w = -3*w + 10. Let i(o) be the second derivative of o**5/20 - o**4/12 - o**3/3 - o**2/2 + 53*o. Calculate i(r).
-1
Let g(y) = y**2 - 4*y - 6. Suppose -5*p - m - 23 = -4*m, 2*m + 10 = -3*p. Let v be -1 + -2 - (-5 + p). What is g(v)?
6
Let a = 7 + -8. Let o be a - 3/6*-6. Let i(g) = g + 2 - o*g + 1. Determine i(-3).
6
Let n(k) = k. Suppose 0 = i - 5*i + 80. Let a = -17 + i. Let c be (1 - a) + 12/(-3). Give n(c).
-6
Let l(y) = 2*y**2 + 23*y + 17. Let j(q) = -3*q**2 - 35*q - 25. Let p(o) = -o**3 - 3*o**2 - o - 12. Let x be p(-4). Let c(r) = x*l(r) + 5*j(r). Give c(-8).
3
Suppose -4*c - 7 = 5*o + 2, o + 5 = -4*c. Let p(q) = -5*q**2 - 2*q + 4. Let m(v) = v**3 - 4*v**2 - 2*v + 3. Let a(f) = 5*m(f) - 4*p(f). Calculate a(o).
-4
Suppose 0 = q + 2*q. Let z(f) = 1 - 8*f + 9*f + 0 - 5 + 1. What is z(q)?
-3
Let t(z) = -57 + 165 + z**2 - 50 + 13*z - 48. Determine t(-7).
-32
Let a(l) = l**3 - 5*l**2 - 4*l - 6. Suppose 5*f - 5*j + 79 = 524, 5*f - 2*j - 460 = 0. Let b = -88 + f. What is a(b)?
6
Suppose -3*p - 2651 + 2666 = 0. Let m(y) = -y**3 + 4*y**2 + y + 15. Calculate m(p).
-5
Let d(l) be the third derivative of -l**7/210 + l**6/360 - l**5/120 + l**3/2 + 11*l**2. Let u(i) be the first derivative of d(i). Determine u(1).
-4
Suppose -k + 23 = 4*w + 4, 5*w = 20. Let o(u) = 1 + 4*u**2 - u**3 + 4 - k*u - 3. Give o(3).
2
Suppose -32*c + 2*c - 150 = 0. Let w(f) = f**2 + 8*f + 6. Determine w(c).
-9
Let s be -9 + 9 + (10/1)/(-2). Let g(d) = 4*d - 5. Determine g(s).
-25
Let c(j) = -j - 7. Let u(d) be the third derivative of d**5/60 - d**4/2 - d**3/2 - 12*d**2. Let f be u(12). Give c(f).
-4
Let q(h) be the first derivative of h**2 - 10*h - 388. What is q(7)?
4
Let j(s) = -3*s**2 - 17*s - 4. Let w be j(-5). Suppose -w*d - 28 = 32. Let i(g) = -g**3 - 9*g**2 + 9*g - 10. Calculate i(d).
0
Suppose -q - 2 = 13. Let z = q - -15. Let d(l) = l**3 - l**2 - 7. Calculate d(z).
-7
Let y = -1727 - -1730. Let k(g) = g + 2. Give k(y).
5
Let q(j) = -3*j**3 + 15*j**2 + 7*j + 2. Let b(y) = y**3 - y**2 + y + 1. Let i(r) = -4*b(r) - q(r). Suppose 26*f = 12*f - 140. What is i(f)?
4
Let d(l) = l - 1. Let n be d(3). Let p(u) = 9*u + 1 - 10 + 12*u**2 - 13*u**n. Calculate p(8).
-1
Let m(a) = -12*a + 168. Let x(w) = -4*w + 57. Let o(r) = 6*m(r) - 17*x(r). Calculate o(9).
3
Let y(i) = 7*i - 6. Suppose 2*f + 3*f = 20. Let n be y(f). Let s(q) = -6*q**2 + 38 - n + 5*q + q**3 - 17. Give s(5).
-1
Suppose 3*h = -4*n + 15, h = -3*n - n + 5. Let w(s) = -4 - 1 - 3 + s + n. Calculate w(-7).
-15
Let o(h) be the first derivative of h**2/2 - 35*h + 131. Determine o(0).
-35
Let z(m) = m**3 - 6*m**2 + 5*m + 1. Suppose 0 = -3*x - 148 - 101. Let b = -78 - x. What is z(b)?
1
Let m(p) = -3*p**3 + p + 1. Let k(v) = -16*v**3 + 15*v**2 + 38*v + 15. Let u(i) = -k(i) + 5*m(i). Determine u(17).
7
Let r(i) = -i + 18. Let s = 325 - 314. Calculate r(s).
7
Let v(r) = 3*r**2 + 6*r - 1. Let a be v(-3). Let n = a - 11. Let j(l) = -l**2 - 3*l - 3. Determine j(n).
-3
Let i(k) = -k**2 + k**2 - k - 7 - 6*k**2 - k**3. Let c be (9/(-5))/((-6)/(-20)). Give i(c).
-1
Let r = 20 - 19. Let s be (r - (-48)/(-20))*-5. Let v(z) = 2*z**2 + 7*z - 3. Let o(q) = 3*q**2 + 10*q - 4. Let h(i) = s*v(i) - 5*o(i). Determine h(-3).
-7
Let a(t) = t**2 + 4*t + 6. Suppose 5*d = d - 20. What is a(d)?
11
Let o(q) = -q**2 + q - 1. Let j be (-495)/(-18)*((-8)/5)/1. Let m = j + 47. Calculate o(m).
-7
Let y(g) = -g**2 - 3*g - 2. Suppose -7 = 3*n + 2. Let b be y(n). Let f(u) = -2*u - 3. Give f(b).
1
Let d(j) = -j**3 + 8*j**2 - 6*j - 6. Let y(p) = 3*p - 2. Let r be y(3). Determine d(r).
1
Let q(u) = -u**3 + 5*u**2 - 3*u + 3. Suppose -p + 5 - 1 = 0. Suppose 157 - 61 = p*k. Suppose -k*x + 21*x + 12 = 0. Determine q(x).
7
Let g(l) = l**3 + 12*l**2 - 13*l - 11. Let s(q) = q**3 - q**2 + 38*q - 13. Let c be s(0). Give g(c).
-11
Let g(p) = p - 2. Let d = -327 - -333. Determine g(d).
4
Let w(k) = 7 - 43*k**2 + 3*k + 97*k**2 + 3*k + 0*k - 53*k**2. Let o be 4/6 + 17/(-3). Determine w(o).
2
Let f(d) be the first derivative of -d**7/840 + 7*d**6/360 - 3*d**5/40 + d**4/4 + 4*d**3 + 6. Let y(z) be the third derivative of f(z). Give y(6).
-12
Suppose -11*z + 3*c = -10*z - 5, 3*c = -3*z + 3. Let t(a) = 4*a**3 + a. Determine t(z).
34
Suppose 5*m = -2*v - 2, 2*v - 91*m + 93*m = -8. Let f(j) = j**2 + 9*j + 9. Calculate f(v).
-9
Let c(n) = 4*n**3 + 4*n**2 + n + 5. Let q(l) = 6*l**3 + 7*l**2 + 2*l + 9. Let g(k) = -5*c(k) + 3*q(k). Determine g(2).
-8
Suppose 14*f + 18 = 5*f. Let h(i) = 2*i**2 + i + 2. Give h(f).
8
Let o be (22/(-33))/(6/(-45)*1). Let v(x) = x**3 - 6*x**2 + 4*x + 5. Calculate v(o).
0
Let h(o) = -6*o - 8. Suppose 6*a + 70 = 46. Determine h(a).
16
Let s = 0 + 3. Let a(u) = -4*u**2 - 10*u**s + 4*u**2 + 0*u**2. What is a(-1)?
10
Let q(r) = 2*r + 64. Let g = -2594 - -2560. Give q(g).
-4
Let j be -4*(-1)/12*-39. Let o = 15 + j. Let c(t) = -t**3 + t**2 - 2*t**o - t**2 - 4*t**2 + 2. Give c(-6).
2
Let q(i) = 5*i**2 + 2*i + 12. Let o(k) = -12*k**2 - 5*k - 25. Let z(m) = -3*o(m) - 7*q(m). Suppose 2*f - 4*w = 0, 2*f = 3*f + 2*w. Determine z(f).
-9
Let m(j) = j - 14. Let u(d) = 2*d - 21. Let c(x) = 3*m(x) - 2*u(x). Let r = 6 + -7. Determine c(r).
1
Suppose -3*b = -9 - 9. Let d = -15 + 51. Let a(n) = n**2 + d - 66 - 6*n + 33. Determine a(b).
3
Suppose -3*w = 2*p + 10, w + 2 = -2*w + 2*p. Let q(f) = f**3 - 2*f**2 + 3*f + 3. Let k(h) = -h**3 + h**2 - 4*h - 2. Let o(s) = w*k(s) - 3*q(s). What is o(4)?
-9
Let b be (-16)/(-4) + (-6)/(-3). Let a(h) be the second derivative of h**5/20 - 7*h**4/12 + 5*h**3/6 - 3*h**2 + 64*h. Give a(b).
-12
Suppose s + 19 = -0*s - 5*v, 0 = -s + v + 11. Let x(g) = -g**3 + 5*g**3 - 3*g**3 - 401 - 7*g**2 + 406 + 5*g. Calculate x(s).
-1
Let i(w) = 2*w - 13. Suppose 0 = 13*o - 0*o - 39. What is i(o)?
-7
Let c(d) = -3*d - 70. Let v be c(-25). Let w(r) = -12*r + 5*r - r**3 + 7*r + v*r**2. Let b be (-2)/(-9) - (-43)/9. Determine w(b).
0
Let r = 269 + -268. Let d(t) = t + 1. Give d(r).
2
Let b(y) = y**2 - 5*y. Let x be -1 - (-18 + 8 + (-6 - -2)). Suppose x*a - 21*a = -40. Determine b(a).
0
Suppose 0*c - 5*c = -55. Let o(d) = 2 + 2 + 17*d - 11*d - d**3 - c*d + 4*d**2. What is o(3)?
-2
Let o(h) be the first derivative of -h**5/20 - h**4/3 + h**2 + 7*h - 11. Let l(m) be the first derivative of o(m). Let z = 0 - 3. Calculate l(z).
-7
Let x(o) be the second derivative of -1/6*o**3 + 1/2*o**2 + 23*o - 1/3*o**4 + 1. Let